137*k**2 - 24255*k + 1039. Calculate q(177).
-23
Let f(d) = -d**3 + 14*d**2 + 137*d + 338. Determine f(-3).
80
Let t(p) = 362*p - 5765. What is t(19)?
1113
Let c(l) = 413*l + 3924. Give c(-8).
620
Let g(h) = h**3 - 22*h**2 - 198*h - 177. Determine g(29).
-32
Let t(s) = 2*s**2 - 302*s + 5873. What is t(30)?
-1387
Let y(k) = -1423*k + 14238. Determine y(10).
8
Let t(f) = -6173*f + 55588. Calculate t(9).
31
Let s(t) = -2*t**2 + 649*t - 16. What is s(0)?
-16
Let g(t) = -91816*t + 183596. Determine g(2).
-36
Let w(o) = -o**3 - 20*o**2 + 36*o - 299. Calculate w(10).
-2939
Let u(x) = -11*x**2 - 8771*x - 89716. Give u(-787).
2
Let f(u) = 2*u**2 + 401*u + 20063. Determine f(-106).
29
Let m(z) = 583*z**2 + 1730*z - 49. Give m(-3).
8
Let i(v) = 41*v**2 + 340*v - 166. Give i(-8).
-262
Let q(d) = 11*d + 1650. What is q(-151)?
-11
Let a(p) = p**2 - 506*p + 62554. Determine a(215).
-11
Let o(s) = -48*s**2 + 325*s - 1357. Determine o(4).
-825
Let k(i) = -i**2 + 32*i + 99. Give k(40).
-221
Let u(h) = 2*h**2 + 175*h - 952. What is u(5)?
-27
Let b(j) = -2557*j - 380999. What is b(-149)?
-6
Let n(k) = -184451*k + 1660068. Determine n(9).
9
Let s(r) = -r**3 - 13*r**2 - 106*r - 845. Determine s(-10).
-85
Let z(b) = 2*b**2 - 2892*b - 8698. Calculate z(-3).
-4
Let a(b) = -2*b**3 + 74*b**2 + 25*b + 1945. Give a(38).
7
Let r(m) = -m**3 + 19*m**2 - 340*m + 4049. Calculate r(13).
643
Let i(r) = r**3 - 41*r**2 - 61*r - 1564. Determine i(43).
-489
Let u(z) = -z**3 + 197*z**2 + 1273*z + 42. Calculate u(-6).
-288
Let c(j) = -3*j**2 + 33*j + 952. Determine c(-20).
-908
Let t(j) = -4*j**2 - 399*j - 1146. Determine t(-3).
15
Let d(f) = 47*f + 739. Determine d(-24).
-389
Let p(x) = 4*x**2 + 580*x + 18926. What is p(-50)?
-74
Let t(v) = -v**3 + 26*v**2 - 26*v + 60. Calculate t(22).
1424
Let u(a) = -a**3 - 237*a**2 - 1741*a + 71046. What is u(-228)?
138
Let r(i) = 61*i**2 + 2619*i + 7915. Calculate r(-3).
607
Let h(b) = -b**2 + 269*b - 7939. What is h(34)?
51
Let g(l) = 3*l**3 + 47*l**2 - 37*l - 260. Determine g(-17).
-787
Let s(j) = 3*j**2 + 117*j - 41025. What is s(99)?
-39
Let b(p) = 51*p**2 - 902*p + 476. Calculate b(17).
-119
Let y(t) = -122172*t - 1343907. Calculate y(-11).
-15
Let i(u) = -9856*u + 1724780. Determine i(175).
-20
Let d(i) = 3*i**3 + 48*i**2 - 194*i - 1. Determine d(3).
-70
Let f(v) = 9*v**2 + 151*v + 812. What is f(-6)?
230
Let p(a) = a**2 - 74*a + 528. What is p(35)?
-837
Let p(h) = -10258*h - 399747. What is p(-39)?
315
Let r(b) = -b**3 - 27*b**2 - 1428*b - 11405. Give r(-9).
-11
Let c(r) = 10086*r - 40140. Calculate c(4).
204
Let q(m) = 33109*m + 231729. Determine q(-7).
-34
Let j(d) = -19*d**2 - 20910*d - 1613975. Determine j(-1017).
4
Let a(l) = -131*l**2 + 55*l + 311. Give a(-5).
-3239
Let o(h) = 971*h - 14438. Determine o(15).
127
Let m(c) = -16907*c - 642480. Calculate m(-38).
-14
Let a(t) = -7*t**3 + 9*t**2 - 49*t - 131. Give a(-2).
59
Let s(u) = -4961*u - 287713. What is s(-58)?
25
Let r(k) = 57859*k - 694353. Calculate r(12).
-45
Let d(n) = 181*n**3 - n**2 - 4*n + 4. Determine d(1).
180
Let g(x) = x**3 + 10*x**2 - 339*x + 1354. Give g(5).
34
Let c(a) = -104*a**2 - 3011*a + 144. Determine c(-29).
-1
Let f(k) = -97*k**2 + 19488*k + 1816. Determine f(201).
7
Let r(h) = 38*h**2 + 559*h - 1383. Determine r(-17).
96
Let a(p) = -2*p**2 + 26271*p - 210220. What is a(8)?
-180
Let u(i) = 2*i**2 - 2817*i - 121753. Determine u(-42).
89
Let x(p) = -10*p**2 + 830*p + 11418. What is x(-12)?
18
Let h(k) = 47551*k + 428696. What is h(-9)?
737
Let d(x) = -x**3 + 29*x**2 + 237*x - 6200. Calculate d(30).
10
Let r(t) = -5795*t + 72778. Determine r(13).
-2557
Let x(c) = c**3 - 45*c**2 + 749*c - 30735. What is x(44)?
285
Let g(s) = 31*s**2 - 29*s - 177. Determine g(-7).
1545
Let z(d) = 56*d**3 - 280*d**2 - 126*d + 599. Determine z(5).
-31
Let l(t) = -3*t**3 + 101*t**2 - 2094. Determine l(33).
84
Let o(h) = 64*h**2 - 6216*h - 18670. Calculate o(-3).
554
Let s(a) = -6*a - 535. What is s(8)?
-583
Let f(d) = 600008*d - 600011. Determine f(1).
-3
Let j(h) = 11667*h - 11690. Calculate j(1).
-23
Let l(p) = -2*p**3 + 163*p**2 + 107*p - 1951. Calculate l(82).
99
Let g(n) = -2*n**3 + 27*n**2 - 62*n + 1112. Calculate g(14).
48
Let x(c) = 823*c - 36491. Calculate x(44).
-279
Let d(g) = -17*g**2 + 86*g - 369. What is d(7)?
-600
Let i(p) = -1080*p + 12960. Determine i(12).
0
Let c(o) = -120*o**2 + 843*o - 34. Calculate c(7).
-13
Let c(q) = 16*q**3 - 5*q**2 - 1888*q - 3759. Give c(-2).
-131
Let h(m) = 3*m**2 + 228*m - 4453. Determine h(16).
-37
Let g(a) = -241*a + 31812. Calculate g(137).
-1205
Let r(s) = 16*s**2 + 1880*s - 954. Determine r(-118).
-10
Let y(z) = 222*z + 4335. Calculate y(-24).
-993
Let w(b) = -23174*b - 648867. What is w(-28)?
5
Let y(i) = i**2 + 127570*i - 1530984. What is y(12)?
0
Let p(h) = -7*h**2 + 226*h + 68. What is p(29)?
735
Let o(i) = -130*i**2 + 58*i - 20. Determine o(-2).
-656
Let m(x) = x**2 + 3551*x + 143863. Calculate m(-41).
-47
Let r(d) = -1573*d - 413841. Calculate r(-263).
-142
Let c(g) = g**3 - 138*g**2 - 179*g + 5262. Determine c(139).
-298
Let r(y) = -277988*y - 28076787. Determine r(-101).
1
Let r(i) = -i**3 + 37*i**2 - 218*i + 13517. Determine r(40).
-3
Let h(f) = -f**3 - 7*f**2 - 810*f + 2441. What is h(3)?
-79
Let u(x) = -151*x**3 - 1025*x**2 + 1459*x - 21. What is u(-8)?
19
Let m(r) = 440661*r - 2643941. What is m(6)?
25
Let h(o) = 31260*o + 3719962. What is h(-119)?
22
Let j(m) = 5*m**2 - 490*m - 1505. Determine j(101).
10
Let d(u) = -7*u**3 - 713*u**2 + 2303*u - 759. Calculate d(-105).
-24
Let r(s) = 50*s**3 - 5501*s**2 + 139*s - 3175. Determine r(110).
15
Let p(r) = -55*r**2 - 332*r + 93. Determine p(-5).
378
Let f(l) = -10*l**2 - 1737*l - 8740. What is f(-5)?
-305
Let g(r) = r**3 + 89*r**2 + 918*r + 285. Calculate g(-77).
747
Let o(q) = -671*q + 10238. Determine o(16).
-498
Let j(g) = -430*g - 10834. What is j(-25)?
-84
Let q(t) = 194*t**2 - 671*t - 5. What is q(3)?
-272
Let s(r) = 184*r + 33448. What is s(-182)?
-40
Let y(s) = 500*s + 892. Give y(-2).
-108
Let o(m) = 5647*m - 784931. What is o(139)?
2
Let q(n) = -6*n**2 + 618*n + 3229. What is q(108)?
-11
Let v(n) = 2*n + 1622. What is v(-38)?
1546
Let x(d) = -2753*d - 16454. Calculate x(-6).
64
Let c(r) = 3*r**3 - 8*r**2 - 17*r + 99. Determine c(3).
57
Let x(q) = -q**2 - 4345*q - 2256442. What is x(-603)?
-16
Let w(s) = -7992*s + 167714. Give w(21).
-118
Let m(i) = -i**3 + 465*i**2 + 4674*i + 36089. What is m(475)?
-11
Let h(r) = 2*r**2 - 585*r - 6266. Determine h(303).
97
Let o(f) = -f**3 - 126*f**2 + 20368*f - 117. Calculate o(93).
-24
Let c(x) = -490*x + 56537. What is c(115)?
187
Let d(j) = -2107*j - 404548. Calculate d(-192).
-4
Let m(q) = 54*q**2 + 1004*q - 44. Determine m(-19).
374
Let l(z) = 1439*z**2 - 46*z + 4. What is l(1)?
1397
Let w(t) = 486*t**2 - 8749*t + 12. What is w(18)?
-6
Let x(k) = -17*k**3 - 2466*k**2 + 4861*k + 1470. Calculate x(-147).
0
Let y(f) = -2499*f - 17387. What is y(-7)?
106
Let z(b) = -b**3 + 8*b**2 + 595*b - 76. Determine z(-21).
218
Let b(l) = -720*l - 242016. Calculate b(-336).
-96
Let v(y) = 354*y**2 + 132*y + 127. Determine v(-1).
349
Let w(n) = n**2 - 469*n - 4796. Determine w(-10).
-6
Let i(l) = -l**2 - 15*l - 84. What is i(-15)?
-84
Let r(z) = -8186*z - 24248. Calculate r(-3).
310
Let r(h) = 2*h**3 + 24*h**2 - 83*h + 39. Determine r(3).
60
Let g(n) = n**2 - 8377*n - 125825. Calculate g(-15).
55
Let f(b) = 8*b**2 + 4856*b + 24066. What is f(-5)?
-14
Let a(t) = 2*t**2 - 91*t - 520. Determine a(-13).
1001
Let x(m) = -3*m**3 + 137*m**2 - 119*m + 261. What is x(45)?
-1044
Let c(y) = -1974*y - 16277. Determine c(-8).
-485
Let h(f) = -f**2 + 31*f + 968. Determine h(-15).
278
Let w(m) = m**2 - 492*m - 12247. Determine w(-21).
-1474
Let z(o) = o**3 + 79*o**2 - 245*o + 94. Give z(-82).
12
Let x(h) = h**2 - 110*h - 3425. Determine x(135).
-50
Let t(n) = -n**2 - 201*n + 38708. What is t(119)?
628
Let n(l) = -498*l + 3586. What is n(12)?
-2390
Let c(d) = -113*d**2 - 34482*d - 5196. What is c(-305)?
-11
Let v(a) = -9*a**2 + 411*a + 10549. Calculate v(64).
-11
Let k(i) = -1861*i + 1146408. Determine k(616).
32
Let s(f) = -4468*f + 1009753. Determine s(226).
-15
Let x(b) = 24*b**2 + 89*b + 497. Determine x(-6).
827
Let y(t) = 15*t**3 - 447*t**2 - 98*t + 212